{"id":853,"date":"2024-06-18T08:57:55","date_gmt":"2024-06-18T06:57:55","guid":{"rendered":"https:\/\/5zszv.edu.sk\/?page_id=853"},"modified":"2026-02-12T14:11:48","modified_gmt":"2026-02-12T13:11:48","slug":"uvodny-rocnik","status":"publish","type":"page","link":"https:\/\/5zszv.edu.sk\/index.php\/uvodny-rocnik\/","title":{"rendered":"\u00davodn\u00fd ro\u010dn\u00edk"},"content":{"rendered":"\n<p class=\"has-text-align-center\"><strong><mark style=\"background-color:rgba(0, 0, 0, 0)\" class=\"has-inline-color has-red-color\">Otv\u00e1rame \u00favodn\u00fd ro\u010dn\u00edk aj v \u0161kolskom roku 2026\/2027<\/mark><\/strong><\/p>\n\n\n\n<p><strong>\u00davodn\u00fd ro\u010dn\u00edk pre deti s naru\u0161enou komunika\u010dnou schopnos\u0165ou (NKS)&nbsp;<\/strong><br>&nbsp; <strong><br><\/strong>\u00davodn\u00fd ro\u010dn\u00edk je ur\u010den\u00fd pre \u017eiakov, ktor\u00ed dosiahli vek \u0161es\u0165 rokov, teda nepokra\u010duj\u00fa v plnen\u00ed povinn\u00e9ho predprim\u00e1rneho vzdel\u00e1vania v materskej \u0161kole a predpoklad\u00e1 sa probl\u00e9m pri zvl\u00e1dan\u00ed prv\u00e9ho ro\u010dn\u00edka z\u00e1kladnej \u0161koly.<br><br>Absolvovanie \u00favodn\u00e9ho ro\u010dn\u00edka sa nepova\u017euje za prv\u00fd rok plnenia povinnej \u0161kolskej doch\u00e1dzky. Po absolvovan\u00ed \u00favodn\u00e9ho ro\u010dn\u00edka bude \u017eiak pokra\u010dova\u0165 v prvom ro\u010dn\u00edku sp\u00e1dovej z\u00e1kladnej \u0161koly.<br><br>Do NKS skupiny patria aj deti, ktor\u00e9 maj\u00fa mnohokr\u00e1t nadpriemern\u00e9 schopnosti v intelektovej oblasti, v oblasti umenia alebo \u0161portu, alebo v t\u00fdchto oblastiach dosahuj\u00fa v porovnan\u00ed s rovesn\u00edkmi mimoriadne v\u00fdsledky alebo v\u00fdkony, ale z\u00e1rove\u0148 tieto deti patria do skupiny det\u00ed\/\u017eiakov: s naru\u0161enou komunika\u010dnou schopnos\u0165ou do\u010dasn\u00e9ho charakteru.<br><br><br><strong>Ak\u00fd je postup pre zaradenie die\u0165a\u0165a do \u00favodn\u00e9ho ro\u010dn\u00edka pre \u017eiakov s naru\u0161enou komunika\u010dnou schopnos\u0165ou?<br><br><\/strong>Zaradi\u0165 die\u0165a do \u00favodn\u00e9ho ro\u010dn\u00edka je mo\u017en\u00e9 na z\u00e1klade vyjadrenia centra poradenstva a prevencie (CPP).&nbsp;<br><br>Die\u0165a, ktor\u00e9 absolvovalo z\u00e1pis do prv\u00e9ho ro\u010dn\u00edka na akejko\u013evek z\u00e1kladnej \u0161kole a rodi\u010d zv\u00e1\u017ei zaradenie die\u0165a\u0165a do \u00favodn\u00e9ho ro\u010dn\u00edka, ozn\u00e1mi <strong>na z\u00e1klade vydan\u00e9ho rozhodnutia o prijat\u00ed na z\u00e1kladn\u00e9 vzdel\u00e1vanie<\/strong> \u0161kole, v ktorej bolo die\u0165a zap\u00edsan\u00e9, \u017ee jeho die\u0165a bude zap\u00edsan\u00e9 do \u00favodn\u00e9ho ro\u010dn\u00edka.<strong><br><br>Deti v \u00favodnom ro\u010dn\u00edku absolvuj\u00fa kompletn\u00fd tr\u00e9ning fonematick\u00e9ho uvedomovania pod\u013ea D. B. E\u013ekonina<\/strong><\/p>\n\n\n\n<p>&nbsp;&nbsp;&nbsp;&nbsp;&nbsp;&nbsp;&nbsp;&nbsp;&nbsp;&nbsp;&nbsp;&nbsp;<a href=\"https:\/\/www.elkonin.sk\/charakteristika-metodiky\/\" target=\"_blank\" rel=\"noreferrer noopener\">https:\/\/www.elkonin.sk\/charakteristika-metodiky\/<br><\/a><br><strong>Inform\u00e1cie pre rodi\u010dov o \u00favodnom ro\u010dn\u00edku:<\/strong><\/p>\n\n\n\n<p>&nbsp;&nbsp;&nbsp;&nbsp;&nbsp;&nbsp;&nbsp;&nbsp;&nbsp;&nbsp;&nbsp;&nbsp;<a href=\"https:\/\/www.minedu.sk\/uvodny-rocnik-v-zakladnej-skole\/\" target=\"_blank\" rel=\"noreferrer noopener\">https:\/\/www.minedu.sk\/uvodny-rocnik-v-zakladnej-skole\/<\/a><br><\/p>\n\n\n\n<p><strong>Vzdel\u00e1vac\u00ed program v \u00favodnom ro\u010dn\u00edku:<\/strong><\/p>\n\n\n\n<p>&nbsp;&nbsp;&nbsp;&nbsp;&nbsp;&nbsp;&nbsp;&nbsp;&nbsp;&nbsp;&nbsp;&nbsp;<a href=\"https:\/\/www.minedu.sk\/data\/att\/21b\/29546.ab608c.pdf\">https:\/\/www.minedu.sk\/data\/att\/21b\/29546.ab608c.pdf<\/a><\/p>\n","protected":false},"excerpt":{"rendered":"<p>Otv\u00e1rame \u00favodn\u00fd ro\u010dn\u00edk aj v \u0161kolskom roku 2026\/2027 \u00davodn\u00fd ro\u010dn\u00edk pre deti s naru\u0161enou komunika\u010dnou schopnos\u0165ou (NKS)&nbsp;&nbsp; \u00davodn\u00fd ro\u010dn\u00edk je ur\u010den\u00fd pre \u017eiakov, ktor\u00ed dosiahli [&hellip;]<\/p>\n","protected":false},"author":1,"featured_media":113,"parent":0,"menu_order":0,"comment_status":"closed","ping_status":"closed","template":"","meta":{"footnotes":""},"class_list":["post-853","page","type-page","status-publish","has-post-thumbnail","hentry"],"_links":{"self":[{"href":"https:\/\/5zszv.edu.sk\/index.php\/wp-json\/wp\/v2\/pages\/853","targetHints":{"allow":["GET"]}}],"collection":[{"href":"https:\/\/5zszv.edu.sk\/index.php\/wp-json\/wp\/v2\/pages"}],"about":[{"href":"https:\/\/5zszv.edu.sk\/index.php\/wp-json\/wp\/v2\/types\/page"}],"author":[{"embeddable":true,"href":"https:\/\/5zszv.edu.sk\/index.php\/wp-json\/wp\/v2\/users\/1"}],"replies":[{"embeddable":true,"href":"https:\/\/5zszv.edu.sk\/index.php\/wp-json\/wp\/v2\/comments?post=853"}],"version-history":[{"count":7,"href":"https:\/\/5zszv.edu.sk\/index.php\/wp-json\/wp\/v2\/pages\/853\/revisions"}],"predecessor-version":[{"id":1040,"href":"https:\/\/5zszv.edu.sk\/index.php\/wp-json\/wp\/v2\/pages\/853\/revisions\/1040"}],"wp:featuredmedia":[{"embeddable":true,"href":"https:\/\/5zszv.edu.sk\/index.php\/wp-json\/wp\/v2\/media\/113"}],"wp:attachment":[{"href":"https:\/\/5zszv.edu.sk\/index.php\/wp-json\/wp\/v2\/media?parent=853"}],"curies":[{"name":"wp","href":"https:\/\/api.w.org\/{rel}","templated":true}]}}