{"id":539,"date":"2024-02-02T21:10:37","date_gmt":"2024-02-02T20:10:37","guid":{"rendered":"https:\/\/5zszv.edu.sk\/?page_id=539"},"modified":"2025-06-11T21:54:57","modified_gmt":"2025-06-11T19:54:57","slug":"rada-skoly","status":"publish","type":"page","link":"https:\/\/5zszv.edu.sk\/index.php\/rada-skoly\/","title":{"rendered":"Rada \u0161koly"},"content":{"rendered":"\n<p class=\"has-text-align-center\">Rada \u0161koly&nbsp;je iniciat\u00edvny a poradn\u00fd samospr\u00e1vny org\u00e1n, ktor\u00fd vyjadruje a presadzuje verejn\u00e9 z\u00e1ujmy a z\u00e1ujmy \u017eiakov, rodi\u010dov, pedagogick\u00fdch zamestnancov a ostatn\u00fdch zamestnancov v oblasti v\u00fdchovy a vzdel\u00e1vania.<\/p>\n\n\n\n<p class=\"has-text-align-center\">Rada \u0161koly bola ustanoven\u00e1 na 4-ro\u010dn\u00e9 obdobie d\u0148a 21.6.2025<\/p>\n\n\n\n<figure class=\"wp-block-table aligncenter\"><table><tbody><tr><td class=\"has-text-align-center\" data-align=\"center\">Mgr. Patr\u00edcia Valent\u00ednov\u00e1<\/td><td class=\"has-text-align-center\" data-align=\"center\">Predsedn\u00ed\u010dka, z\u00e1stupky\u0148a pedagogick\u00fdch zamestnancov<\/td><\/tr><tr><td class=\"has-text-align-center\" data-align=\"center\">Mgr. Martin Vengl\u00e1r<\/td><td class=\"has-text-align-center\" data-align=\"center\">Z\u00e1stupca pedagogick\u00fdch zamestnancov<\/td><\/tr><tr><td class=\"has-text-align-center\" data-align=\"center\">Ing. Jana Uhn\u00e1kov\u00e1<\/td><td class=\"has-text-align-center\" data-align=\"center\">Z\u00e1stupky\u0148a nepedagogick\u00fdch zamestnancov<\/td><\/tr><tr><td class=\"has-text-align-center\" data-align=\"center\">Ing. Roman Gal\u00e1d<\/td><td class=\"has-text-align-center\" data-align=\"center\">Z\u00e1stupca rodi\u010dov, podpredseda <\/td><\/tr><tr><td class=\"has-text-align-center\" data-align=\"center\">Ing. Miroslav Filkus <\/td><td class=\"has-text-align-center\" data-align=\"center\">Z\u00e1stupca rodi\u010dov<\/td><\/tr><tr><td class=\"has-text-align-center\" data-align=\"center\">Judr. Radka Ludhov\u00e1<\/td><td class=\"has-text-align-center\" data-align=\"center\">Z\u00e1stupky\u0148a rodi\u010dov<\/td><\/tr><tr><td class=\"has-text-align-center\" data-align=\"center\">Ing. Barbara Pap\u00e1nkov\u00e1\u00a0<\/td><td class=\"has-text-align-center\" data-align=\"center\">Z\u00e1stupky\u0148a rodi\u010dov<\/td><\/tr><tr><td class=\"has-text-align-center\" data-align=\"center\">J\u00e1n Blazsek<\/td><td class=\"has-text-align-center\" data-align=\"center\">Delegovan\u00fd za zria\u010fovate\u013ea, poslanec MsZ<\/td><\/tr><tr><td class=\"has-text-align-center\" data-align=\"center\">JUDr. Martina M\u00e9sz\u00e1ros Bariakov\u00e1 <\/td><td class=\"has-text-align-center\" data-align=\"center\">Delegovan\u00e1 za zria\u010fovate\u013ea, poslanky\u0148a MsZ<\/td><\/tr><tr><td class=\"has-text-align-center\" data-align=\"center\">R\u00f3bert Ol\u0161iak<\/td><td class=\"has-text-align-center\" data-align=\"center\">Delegovan\u00fd za zria\u010fovate\u013ea, poslanec MsZ<\/td><\/tr><tr><td class=\"has-text-align-center\" data-align=\"center\">Ing. \u013dubom\u00edr Zd\u00fat \u0160\u0165astn\u00fd<\/td><td class=\"has-text-align-center\" data-align=\"center\">Delegovan\u00fd za zria\u010fovate\u013ea, viceprim\u00e1tor<\/td><\/tr><\/tbody><\/table><\/figure>\n","protected":false},"excerpt":{"rendered":"<p>Rada \u0161koly&nbsp;je iniciat\u00edvny a poradn\u00fd samospr\u00e1vny org\u00e1n, ktor\u00fd vyjadruje a presadzuje verejn\u00e9 z\u00e1ujmy a z\u00e1ujmy \u017eiakov, rodi\u010dov, pedagogick\u00fdch zamestnancov a ostatn\u00fdch zamestnancov v oblasti v\u00fdchovy [&hellip;]<\/p>\n","protected":false},"author":1,"featured_media":110,"parent":0,"menu_order":0,"comment_status":"closed","ping_status":"closed","template":"","meta":{"footnotes":""},"class_list":["post-539","page","type-page","status-publish","has-post-thumbnail","hentry"],"_links":{"self":[{"href":"https:\/\/5zszv.edu.sk\/index.php\/wp-json\/wp\/v2\/pages\/539","targetHints":{"allow":["GET"]}}],"collection":[{"href":"https:\/\/5zszv.edu.sk\/index.php\/wp-json\/wp\/v2\/pages"}],"about":[{"href":"https:\/\/5zszv.edu.sk\/index.php\/wp-json\/wp\/v2\/types\/page"}],"author":[{"embeddable":true,"href":"https:\/\/5zszv.edu.sk\/index.php\/wp-json\/wp\/v2\/users\/1"}],"replies":[{"embeddable":true,"href":"https:\/\/5zszv.edu.sk\/index.php\/wp-json\/wp\/v2\/comments?post=539"}],"version-history":[{"count":15,"href":"https:\/\/5zszv.edu.sk\/index.php\/wp-json\/wp\/v2\/pages\/539\/revisions"}],"predecessor-version":[{"id":961,"href":"https:\/\/5zszv.edu.sk\/index.php\/wp-json\/wp\/v2\/pages\/539\/revisions\/961"}],"wp:featuredmedia":[{"embeddable":true,"href":"https:\/\/5zszv.edu.sk\/index.php\/wp-json\/wp\/v2\/media\/110"}],"wp:attachment":[{"href":"https:\/\/5zszv.edu.sk\/index.php\/wp-json\/wp\/v2\/media?parent=539"}],"curies":[{"name":"wp","href":"https:\/\/api.w.org\/{rel}","templated":true}]}}