{"id":14,"date":"2023-09-05T17:57:14","date_gmt":"2023-09-05T15:57:14","guid":{"rendered":"http:\/\/194.160.177.10\/?page_id=14"},"modified":"2024-02-16T09:06:32","modified_gmt":"2024-02-16T08:06:32","slug":"jedalen-2","status":"publish","type":"page","link":"https:\/\/5zszv.edu.sk\/index.php\/jedalen-2\/","title":{"rendered":"Jed\u00e1le\u0148"},"content":{"rendered":"\n<h1 class=\"wp-block-heading has-text-align-center\">\u0160kolsk\u00e1 jed\u00e1le\u0148<\/h1>\n\n\n\n<p><\/p>\n\n\n\n<p class=\"has-text-align-center\">\u010d\u00edslo \u00fa\u010dtu: 350001735412 \/ 0200<\/p>\n\n\n\n<p class=\"has-text-align-center\">IBAN: SK05 0200 0000 3500 0173 5412<\/p>\n\n\n\n<p class=\"has-text-align-center\">Tel. kontakt: 045 533 5123, 0915 822 013<\/p>\n\n\n\n<div style=\"height:40px\" aria-hidden=\"true\" class=\"wp-block-spacer\"><\/div>\n\n\n\n<h2 class=\"wp-block-heading has-text-align-center\"><strong><a href=\"https:\/\/5zszv.edupage.org\/zmluvy\/\" data-type=\"link\" data-id=\"https:\/\/5zszv.edupage.org\/zmluvy\/\">Povinn\u00e9 Zverej\u0148ovanie<\/a><\/strong><\/h2>\n\n\n\n<h3 class=\"wp-block-heading has-text-align-left\"><strong>Dokumenty \u0161kolskej jed\u00e1lne:<\/strong><\/h3>\n\n\n\n<iframe loading=\"lazy\" src=\"https:\/\/drive.google.com\/embeddedfolderview?id=1bDE35J9G6co6Zdsq__zqREbhdQLmMRZ6#list\" width=\"100%\" height=\"400\" frameborder=\"0\"><\/iframe>\n\n\n\n<p><\/p>\n\n\n\n<div class=\"wp-block-cover aligncenter wp-duotone-unset-1\"><span aria-hidden=\"true\" class=\"wp-block-cover__background has-background-dim\"><\/span><img loading=\"lazy\" decoding=\"async\" width=\"480\" height=\"369\" class=\"wp-block-cover__image-background wp-image-134\" alt=\"\" src=\"http:\/\/194.160.177.10\/wp-content\/uploads\/2023\/09\/IMG_20220329_093439-e1677565666812.jpg\" data-object-fit=\"cover\" srcset=\"https:\/\/5zszv.edu.sk\/wp-content\/uploads\/2023\/09\/IMG_20220329_093439-e1677565666812.jpg 480w, https:\/\/5zszv.edu.sk\/wp-content\/uploads\/2023\/09\/IMG_20220329_093439-e1677565666812-300x231.jpg 300w\" sizes=\"auto, (max-width: 480px) 100vw, 480px\" \/><div class=\"wp-block-cover__inner-container is-layout-flow wp-block-cover-is-layout-flow\">\n<p class=\"has-text-align-center has-large-font-size\"><\/p>\n<\/div><\/div>\n\n\n\n<div class=\"wp-block-columns is-layout-flex wp-container-core-columns-is-layout-9d6595d7 wp-block-columns-is-layout-flex\"><\/div>\n\n\n\n<div class=\"wp-block-columns is-layout-flex wp-container-core-columns-is-layout-9d6595d7 wp-block-columns-is-layout-flex\">\n<div class=\"wp-block-column is-layout-flow wp-block-column-is-layout-flow\" style=\"flex-basis:100%\">\n<div class=\"wp-block-columns is-layout-flex wp-container-core-columns-is-layout-9d6595d7 wp-block-columns-is-layout-flex\">\n<div class=\"wp-block-column is-layout-flow wp-block-column-is-layout-flow\"><\/div>\n<\/div>\n<\/div>\n<\/div>\n","protected":false},"excerpt":{"rendered":"<p>\u0160kolsk\u00e1 jed\u00e1le\u0148 \u010d\u00edslo \u00fa\u010dtu: 350001735412 \/ 0200 IBAN: SK05 0200 0000 3500 0173 5412 Tel. kontakt: 045 533 5123, 0915 822 013 Povinn\u00e9 Zverej\u0148ovanie Dokumenty [&hellip;]<\/p>\n","protected":false},"author":1,"featured_media":114,"parent":0,"menu_order":0,"comment_status":"closed","ping_status":"closed","template":"","meta":{"footnotes":""},"class_list":["post-14","page","type-page","status-publish","has-post-thumbnail","hentry"],"_links":{"self":[{"href":"https:\/\/5zszv.edu.sk\/index.php\/wp-json\/wp\/v2\/pages\/14","targetHints":{"allow":["GET"]}}],"collection":[{"href":"https:\/\/5zszv.edu.sk\/index.php\/wp-json\/wp\/v2\/pages"}],"about":[{"href":"https:\/\/5zszv.edu.sk\/index.php\/wp-json\/wp\/v2\/types\/page"}],"author":[{"embeddable":true,"href":"https:\/\/5zszv.edu.sk\/index.php\/wp-json\/wp\/v2\/users\/1"}],"replies":[{"embeddable":true,"href":"https:\/\/5zszv.edu.sk\/index.php\/wp-json\/wp\/v2\/comments?post=14"}],"version-history":[{"count":72,"href":"https:\/\/5zszv.edu.sk\/index.php\/wp-json\/wp\/v2\/pages\/14\/revisions"}],"predecessor-version":[{"id":785,"href":"https:\/\/5zszv.edu.sk\/index.php\/wp-json\/wp\/v2\/pages\/14\/revisions\/785"}],"wp:featuredmedia":[{"embeddable":true,"href":"https:\/\/5zszv.edu.sk\/index.php\/wp-json\/wp\/v2\/media\/114"}],"wp:attachment":[{"href":"https:\/\/5zszv.edu.sk\/index.php\/wp-json\/wp\/v2\/media?parent=14"}],"curies":[{"name":"wp","href":"https:\/\/api.w.org\/{rel}","templated":true}]}}